3 + 7 + -22 + 27 + -34
-37
-19 - 2 - (14 + (17 - (26 - -13)))
-13
Calculate 1 + -5 - (-27 - 42 - (30 + 27 + -39)).
83
4 + -3 - (20 - 20) - (9 - 0)
-8
(0 - 6 - (-13 - -1 - (10 + -18))) + -49
-51
-28 - (-365 + 315 + (-17 - -1))
38
What is (-3 - 21) + -4 + -8 + (11 - -12) + -10?
-23
What is -179 - ((-81 - 84) + 66)?
-80
-11 + -37 + -29 + 50
-27
-7 - (19 + -12) - ((23 - 21) + -4)
-12
Calculate (-271 - -288) + (1 - -3) - (156 - 5).
-130
What is the value of (7 - 14) + 19 + (4 - 3) - 12?
1
Evaluate (-36 - (85 - 66)) + -9.
-64
Evaluate 21 - (3 - (-2 + -34)).
-18
Calculate 55 + (-53 - -23) + (2 - 0 - 1 - -2).
28
-10 + (-15 - -16 - 4) - ((7 - 5) + 0)
-15
What is -22 + (68 + -1 - (998 + -1014))?
61
Calculate (1343 - 1352) + (21 + -1 - -2) - 36.
-23
What is the value of -50 + -1 + (6 - (22 - 30) - -10)?
-27
Evaluate (34 - (122 - 46)) + 3 - 33.
-72
Evaluate 37 - (51 - (-9 + 66)).
43
-5 + (22 - 18) + -11 - 8
-20
Evaluate (-2 - -40) + 10 + (-31 + 14 - -12).
43
What is -9555 - -9629 - (-57 + -1)?
132
Evaluate 352 - 390 - (-28 + 11).
-21
52 + 13 + -60 + (-2 + -78 - (-1 + 3))
-77
What is the value of (94 - (-10 + 98)) + -1 + 6 + (-3 - -70)?
78
What is the value of -16 + 9 + -16 + 13 + -29?
-39
What is the value of 10 + 0 + 569 + -543 - -57?
93
Evaluate 2 + -9 - (9599 - 9587).
-19
Calculate (-12 - -1 - -5) + (1 - 4 - -136) - 11.
116
Evaluate -6 + (4 + -37 - -25).
-14
What is 28 + -2 + -60 + 61?
27
(-27 + (-42 - 70) - -31) + -4
-112
What is the value of 2 + 0 + (-1 - -23 - 0) - (10584 + -10576)?
16
What is 2 + 80 - (-410 - -457)?
35
(-16 - -1) + 5409 + -5359
35
What is the value of 1278 - 1214 - (1 + 10)?
53
Evaluate 25 + (38 - 33) + -56.
-26
Calculate -39 + 19 - (-17 + 27) - (1 - -13).
-44
(0 - 0 - 1 - (87 - (14 + 71))) + 13
10
Evaluate 0 - 35 - (-2354 + 2334).
-15
Calculate -54 + -74 + 133 - (0 - 57).
62
What is the value of (1 - 23) + (-50 - (1 + -225) - 29)?
123
Evaluate 1 - 55 - (1198 - 1237).
-15
1 + 19 + (-28 - -58 - 29 - -12)
33
-1 + 37 + (123 - (62 + 133))
-36
What is the value of (90 - 48) + -52 + 34?
24
Calculate -6 + 0 - (-1296 - -1320) - -29.
-1
What is the value of -145 + 156 + -175 + 68?
-96
-5 + -108 + -13 + (-17 - -67)
-76
3 - -1 - (21 - (-9 - -26)) - -4
4
What is (-3036 - -2786) + 125 + 0?
-125
Evaluate (1 - 0) + (-1045 - -1040).
-4
What is -516 + 638 + 7 + -107?
22
Calculate -144 + (1396 + -1437 - (0 - 90)).
-95
Calculate (-3 - ((12 - 6) + 1)) + -2 + 11 + -13.
-14
-10 + (17 - (16 + (-11 - -4))) + (-22 - -7)
-17
What is the value of 307 - 302 - (-5 - (-2 + -51))?
-43
Evaluate (-37 - -2) + (6 - (9 + 0 + -4 + 11)).
-45
What is -2 + (3 - (-67 - (6 + -2 + -55 + 42)))?
59
What is the value of (17 - (-12 - 1 - -37)) + 17 + 14?
24
Calculate 54 - (132 + -71) - (-9 - (2 - 0) - 2).
6
Calculate (1 + -65 - (48 + -35 - 13)) + -5 - 10.
-79
Evaluate -109 - (-28 + 75 + -85).
-71
What is (-7 + 13 - -2) + -56 + (3 - (14 - 0))?
-59
-14 - (-145 + (86 - -28))
17
What is 6 + (51 - 45 - (0 + -6)) + -5 - -26?
39
Calculate (-1 - 26) + 326 + -306 + 22.
15
What is the value of -1 + -2 - -22 - (-263 + 271) - -9?
20
What is the value of (-5 - -3) + 0 + -1 + (42 - (12 + -16))?
43
What is -14 + 0 + -27 + 59 + -36 - -32?
14
What is -48 - (24 + -33 + 10)?
-49
What is 94 + -1 - (-287 + 140 + 170)?
70
What is the value of -9 - (63 - -10) - -31?
-51
What is the value of -12 + (21 - (28 - -2)) + -27 + 5?
-43
(-4 - -19) + (-9 + 19 - 4) + -16 + -57
-52
Calculate 22 + (0 - -28) + 713 + -714.
49
What is the value of -1 - (17 - (2 + 1)) - (22 + -15 - 113)?
91
Evaluate 24 + -27 + -22 - -12.
-13
-80 + -45 + -100 + 154
-71
What is the value of 2519 + -2535 - (1 - -25 - -2)?
-44
What is -50 + (1 + -1 + -6 - (-10 - (-24 + 8)))?
-62
57 - (56 + -108 + 3)
106
What is the value of 46 + -58 - (61 - (27 + -23))?
-69
39 - 38 - (6 - 2 - 0 - (44 - 1))
40
Calculate 19 + -19 + -27 - 23 - -26.
-24
What is -18 + -7 + 3 - (-45 + -6)?
29
What is the value of -11 + -22 + -27 + 77?
17
What is 8 + (-6 - -22 - 12) - (100 - -14)?
-102
What is 33 + -41 - (49 - (-8 - -13))?
-52
Evaluate (62 - -3) + (2 - (6 - (7 - 1))) + -9.
58
Calculate 52 - 53 - -9 - -11.
19
(15 - (42 - (18 + 10))) + -65
-64
Calculate 119 + 20 + (7 - (4 + 22 + 0 + -5)).
125
Evaluate 41 + 36 + (-49 - -59).
87
Evaluate (-7 - 55) + -4 + 396 + -388.
-58
What is the value of 66 - (-40 + 6 + 50)?
50
What is -13 - (2 - (-11 + 44 + -43))?
-25
What is the value of (-1 - (-14 - -29)) + 3?
-13
Evaluate (-5 - -9) + -39 + -3 + 26 + -5.
-17
What is the value of -87 + (6 + -5 - (1 + -5)) + -17 + -1?
-100
(-45 + (-38 - -30) - -36) + 2 + 1
-14
What is -109 + (-6 - (-70 + 0))?
-45
9 - ((-237 - -253) + -8 + -1 + (-26 - -1))
27
Evaluate -3 + 8 + -2 + 1 + 0 + 0 - -55.
59
Calculate -7 + -11 + (-27 + 16 - -21).
-8
-36 - -4 - (1348 + -1454)
74
What is the value of (-63 + 59 - 23) + -64?
-91
(-20 - -20) + -125 + 16 + -1 + -4
-114
Evaluate (-11 + -8 - (42 - 20)) + -20.
-61
Calculate (23 - -2 - (-67 - (-70 + -4))) + -146.
-128
Calculate (144 - 145) + 1 + 15 + -100.
-85
Evaluate 2 + -15 - 0 - (-27 - 67 - -53).
28
Calculate 47 - -10 - 5 - (82 + -63).
33
Evaluate 94 - 6 - (-277 - -328).
37
-207 - (-190 - (-136 + 82))
-71
Calculate 4 + (3 - ((-2 - -8) + 12 + -20)).
9
What is the value of 93 - (169 - (-128 + 251))?
47
(14 - (11 + -4)) + (-11 - -9) + 6
11
What is (-37 - -27) + 9 + 6 + 3 - -3?
11
Evaluate 1 + 47 + (-2 - (2 + 0 + 45 + -50)).
49
What is the value of 25 + -20 + (1 - -1) + (26 - 33)?
0
Calculate -19 - (-20 + -2 + 26 + -10 + 7).
-20
Evaluate (-115 + 5 - -175) + 14.
79
Calculate (-27 - -5) + 13 - (52 + 3) - (36 - 29).
-71
What is the value of -37 + 121 + -92 + 27?
19
(20 - (22 + 131)) + (-11 + 36 - 12)
-120
Evaluate -5 + 1 - (-5 + -39 + 35).
5
Calculate (-9 - (2 + 0)) + 73 + -52 + 4.
14
Calculate -25 + 59 - 6 - (-13 - -81).
-40
What is the value of -95 - -108 - (3 + 73) - -16?
-47
What is 2 - (-10 + 4 + 13 + 38 + -1 + 2)?
-44
Calculate 4 - 34 - (5 + (-10 - -17) + (-9 - 6)).
-27
Evaluate -6 + (-23 - 4) + 22.
-11
Calculate 68 - (-4 - -18 - 1 - 27 - -28).
54
Evaluate (-20 - ((-25 - (3 + -28)) + -27)) + (-48 - -1).
-40
What is the value of -13 - (27 + (-13 - -8) + -3 + -10)?
-22
Calculate 4 - (52 + (-157 - -50)).
59
What is the value of 8 + 8 + (7 - (15 - 1))?
9
Evaluate 12 + (52 - (17 + 47)).
0
Evaluate 13 + 0 + (40 - 42) - ((3 - -8) + -2).
2
-7 + 15 + -9 + -1 + -1 + -14
-17
Calculate (-8 + 5 - 0) + (4 - 32) + -18.
-49
What is the value of -1 + (-2 - -10) + 13 + -3 + -5?
12
Calculate 53 - 0 - (-105 + 126) - (0 - -1).
31
Evaluate (-76 - 0) + -1 - (-31 - (-45 - (-74 - -51))).
-68
Evaluate 1 + -39 + (3460 - 3441).
-19
What is 44 + (-28 - -13) + -5?
24
24 + -28 + -4 + (0 - -9) - -7
8
-82 + 14 + 19 + 9
-40
Evaluate 4935 - 5050 - (4 + 5 - (-3 + 1)).
-126
What is 11 - (0 - 71) - (-5 + 15)?
72
What is the value of 55 + (-25 - 0) + (-219 - -222)?
33
47 - (-17 + 19 + (-7 - -11 - 19))
60
Evaluate (-2 - 59) + -26 + -46 + 93.
-40
Evaluate (3 - 1) + (1667 - 1607) + 31.
93
What is 8 + (-10 - (32 + -4 + 3))?
-33
-19 + (-10 - -1) + (-87 - -124)
9
(-745 - -777) + (1 - 0) - -58
91
3 + (-14 - (-71 - 10) - 1) - (-23 + 14)
78
What is -74 + -1 + 62 - (1 + 19)?
-33
75 - (-1 - -7 - (8 + -3) - (-31 + 23))
66
What is (-52 - 1) + -4 - (43 - (-35 - -91))?
-44
(16 + -10 - (4 + -11) - 19) + 12
6
(0 - -10) + (24 - (5 - (5 + -54)))
-20
What is the value of (-1 - (1 - -9)) + -44 + (-47 - -8) + 49?
-45
Evaluate (10 - 9 - -50) + (-114 - -130 - (-1 + 9)).
59
8 - ((-9 - (-38 + 9)) + -5)
-7
Evaluate -21 + (3 - (40 - 15)) + -5.
-48
Evaluate 4 + 44 - (127 - 55).
-24
Evaluate -12 - -2 - -25 - (9 + (-8 - -8) - -116).
-110
Evaluate (-15 - -4) + (4 - -6) + -18.
-19
What is 26 + (-3 - 48 - -10)?
-15
Calculate (-50 - -1) + -4 - (9 - (-11 - -22 - 6)).
-57
Evaluate (9 + -11 + 2 - (4 - -5)) + (54 - 2).
43
(0 - 1 - (-36 - -24)) + (9 - (-39 + 14))
45
Evaluate (-68 + -85 - -110) + 41.
-2
Calculate 2 + 88 - ((-41 - -26) + 20).
85
Calculate (17 - 2) + -8 + -8 + 27 - (2 + -2).
26
What is (88 - 229) + (48 - -38)?
-55
What is 7 + -12 - (-138 - (-135 + 91))?
89
Evaluate -5 + 4 + (23 - 13) - (1 - -47).
-39
Evaluate 7 + (-24 - -11) + -3 + 20 + 21.
32
What is the value of 550 - 570 - (0 - -19) - -130?
91
-43 - (-9 + (54 - 30) + (-7 - 18))
-33
What is the value of 2 - (-45 - ((-15 - 28) + 20))?
24
(-26 - -12) + 28 + (6 - 4)
16